24
In base 13, what is 6 + -16823?
-1681a
In base 6, what is -2 + 2313102?
2313100
In base 8, what is -63267 + 5?
-63262
In base 7, what is 20 + 246613?
246633
In base 10, what is 929 + 804?
1733
In base 4, what is -301220312 - 0?
-301220312
In base 6, what is 25 + -14155?
-14130
In base 12, what is -121 + 43?
-9a
In base 13, what is -54 - -144c?
13c8
In base 7, what is 4431615 + -1?
4431614
In base 8, what is -3344650 - -5?
-3344643
In base 8, what is 1321 + 4560?
6101
In base 5, what is 124232 + 1411?
131143
In base 15, what is -5d9 + 3d6?
-203
In base 9, what is 11 + -220038?
-220027
In base 3, what is 0 - 110112022?
-110112022
In base 8, what is 2 - -74024?
74026
In base 9, what is 10 - -43522?
43532
In base 15, what is -5a - 50?
-aa
In base 5, what is 10222200 + 4?
10222204
In base 9, what is -753 - -23?
-730
In base 13, what is -c58 - a?
-c65
In base 5, what is -2 - -44113132?
44113130
In base 6, what is -32 - -451?
415
In base 10, what is -5 + -114541?
-114546
In base 4, what is 3 + -120002303?
-120002300
In base 16, what is 14079 - -4?
1407d
In base 8, what is -73 - 1032?
-1125
In base 4, what is 2 - -11131212032?
11131212100
In base 11, what is -1 + 28423?
28422
In base 11, what is 265a + -27?
2633
In base 9, what is -43024 - 1?
-43025
In base 13, what is 4530c - -17?
45326
In base 3, what is 200202020 - 12?
200202001
In base 14, what is 143 + -b3c?
-9d9
In base 15, what is -1d088 + -2?
-1d08a
In base 14, what is -22a49 - 1?
-22a4a
In base 13, what is -3 - 7235?
-7238
In base 7, what is 1336563 + -16?
1336544
In base 3, what is -21 + 1001212210?
1001212112
In base 6, what is -504301 - 22?
-504323
In base 7, what is -1 - -60250?
60246
In base 13, what is 18b5929 - 5?
18b5924
In base 2, what is 110 - -10001111110011?
10001111111001
In base 9, what is -5 + -21627?
-21633
In base 8, what is -52745 - -4?
-52741
In base 3, what is -10 - 100102112?
-100102122
In base 11, what is -4 - 7a543?
-7a547
In base 8, what is 264 + -123?
141
In base 12, what is -4251 + -b0?
-4341
In base 4, what is 1000130222 + -13?
1000130203
In base 13, what is -7 - -207b?
2074
In base 11, what is -465 - -39?
-427
In base 6, what is 3 - 145402?
-145355
In base 12, what is 3b - b30?
-ab1
In base 13, what is -1b89 + 5?
-1b84
In base 10, what is -44 - 4270?
-4314
In base 9, what is 14303 + 5?
14308
In base 12, what is 4 - 22a1?
-2299
In base 15, what is 2838 + 17?
2850
In base 5, what is 14 - -113002?
113021
In base 2, what is -101111111001011 + -100?
-101111111001111
In base 10, what is 6 - -18437?
18443
In base 11, what is -5 - -834985?
834980
In base 4, what is 1100 + 3122?
10222
In base 7, what is 513 + 2?
515
In base 4, what is 1 - 2101231202?
-2101231201
In base 7, what is -126 - 34500?
-34626
In base 15, what is 2 - 1b1dd5?
-1b1dd3
In base 3, what is 21022010 + -102?
21021201
In base 3, what is 1201002 + 1100112?
10001121
In base 9, what is -327062 - 2?
-327064
In base 6, what is -4034 - 10?
-4044
In base 10, what is -3806 - 49?
-3855
In base 14, what is -62 + -5a48?
-5aaa
In base 2, what is -101001011101 - 1010010?
-101010101111
In base 13, what is -3 - 54c12?
-54c15
In base 8, what is -365 - -22?
-343
In base 6, what is -50 + 1204?
1114
In base 5, what is -112240122 + -1?
-112240123
In base 14, what is 8 + c166?
c170
In base 6, what is 205155201 + 0?
205155201
In base 9, what is 24711 - 4?
24706
In base 9, what is -2050 + -52?
-2112
In base 11, what is 1266 - 17?
124a
In base 6, what is 211021104 - 5?
211021055
In base 13, what is 1 - 42900?
-428cc
In base 3, what is 111110200111 + -1?
111110200110
In base 14, what is -90899 - a?
-908a5
In base 8, what is -1650 - 14333?
-16203
In base 12, what is 8 + 2a96?
2aa2
In base 3, what is 2200202 - -12?
2200221
In base 3, what is 0 - -120201020?
120201020
In base 2, what is 111 + -1111011110?
-1111010111
In base 4, what is -1323011221 + 0?
-1323011221
In base 6, what is -2 - -24450315?
24450313
In base 11, what is 22 + -2827?
-2805
In base 14, what is -6c1 + -304?
-9c5
In base 12, what is a6337 + 2?
a6339
In base 13, what is 3 + -6a13?
-6a10
In base 8, what is 2275 + -46?
2227
In base 9, what is -3853884 + 4?
-3853880
In base 4, what is 11203120 - -1303?
11211023
In base 8, what is -7 + 134250?
134241
In base 4, what is -12 + -20022211?
-20022223
In base 3, what is 1 + 112011201122?
112011201200
In base 16, what is 6 + 8ad7?
8add
In base 14, what is 16 - 13b23?
-13b0b
In base 6, what is -1515212 + 0?
-1515212
In base 9, what is 0 - -82503?
82503
In base 7, what is 66 + -126145?
-126046
In base 11, what is -4 + -4683?
-4687
In base 10, what is 133991 - 2?
133989
In base 8, what is 0 - -705501?
705501
In base 4, what is -22 - 2102001?
-2102023
In base 4, what is -20 - 12202012?
-12202032
In base 13, what is 48 - -32c9?
3344
In base 7, what is -10 - 2530663?
-2531003
In base 12, what is a8 - 272?
-186
In base 5, what is 13341024 - 0?
13341024
In base 4, what is 103 - -20302?
21011
In base 12, what is 2 - -60a286?
60a288
In base 8, what is -356 + -1215?
-1573
In base 16, what is -a - -9de?
9d4
In base 7, what is -3 + -43002?
-43005
In base 4, what is 313 - 100312200?
-100311221
In base 10, what is 1 - -50889?
50890
In base 16, what is 1145 + 12?
1157
In base 10, what is 1116 + -106?
1010
In base 3, what is -22201 - -11011?
-11120
In base 16, what is 1a + -34b?
-331
In base 16, what is 2 + -19cb0?
-19cae
In base 4, what is 20101311 - 10?
20101301
In base 2, what is 101000000101 - 1010010?
100110110011
In base 3, what is -12 - 10012210111022?
-10012210111111
In base 7, what is -361 - -15152?
14461
In base 6, what is 313 + -503?
-150
In base 3, what is -20101002 - 102?
-20101111
In base 14, what is -9482 - -a?
-9476
In base 7, what is 3650 + 10542?
14522
In base 11, what is 2863 - 2?
2861
In base 8, what is 3 - 1032?
-1027
In base 6, what is -2 + 1515?
1513
In base 7, what is -45002 - -20?
-44652
In base 9, what is 225 + 3204?
3430
In base 2, what is 101 - -1010101110100?
1010101111001
In base 11, what is 3 - 14a019?
-14a016
In base 12, what is 44529 - 53?
44496
In base 10, what is -178790 + -2?
-178792
In base 16, what is -4 + -81bc?
-81c0
In base 5, what is -322030 + 0?
-322030
In base 14, what is -4b4 + -16?
-4ca
In base 7, what is 16 - -530515?
530534
In base 8, what is -344 - 4411?
-4755
In base 13, what is 44 + -43c?
-3c8
In base 4, what is -130122223 + -23?
-130122312
In base 9, what is -468 - -10042?
8463
In base 10, what is 1 - -3659?
3660
In base 15, what is 30b - -be?
3ca
In base 12, what is -57a1 + -68?
-5849
In base 8, what is 3 + 34455?
34460
In base 11, what is 3070398 - 1?
3070397
In base 13, what is 30 - 831c?
-82bc
In base 12, what is 14272 - -2?
14274
In base 13, what is 14 - 380?
-369
In base 14, what is 1b15 - -4?
1b19
In base 15, what is -2 + cd8?
cd6
In base 2, what is -1101101111000 - 1011?
-1101110000011
In base 5, what is 20232 + 121?
20403
In base 6, what is -1 - -15404201?
15404200
In base 4, what is 113 + -300221?
-300102
In base 14, what is -5 - 356b6?
-356bb
In base 9, what is 184 - -13322?
13516
In base 13, what is 11a91 + 0?
11a91
In base 3, what is -21 + 121002122?
121002101
In base 10, what is -420051 + -2?
-420053
In base 13, what is b940 + -2b?
b912
In base 16, what is -13 + 630?
61d
In base 9, what is -7 + -33020?
-33027
In base 7, what is -51534 + 42?
-51462
In base 12, what is 2 + -6374?
-6372
In base 15, what is 14d004 + 3?
14d007
In base 9, what is -161140 + -36?
-161176
In base 7, what is -16 - 13262?
-13311
In base 10, what is -774 + 1006?
232
In base 8, what is -40 + -273?
-333
In base 6, what is 15 - -234310?
234325
In base 14, what is 7bcc + -4?
7bc8
In base 3, what is 122011122201 + 0?
122011122201
In base 14, what is -31 - -c99?
c68
In base 5, what is -231424 + -1?
-231430
In base 4, what is -1000100 - -12?
-1000022
In base 4, what is -11123100 + -1?
-11123101
In base 8, what is 1 - -27142?
27143
In base 5, what is 2 - 30320?
-30313
In base 14, what is 28 + -404?
-3ba
In base 9, what is 2 - -478227?
478230
In base 5, what is -403033 + 0?
-403033
In base 7, what is -423 + -461?
-1214
In base 3, what is 212 - 1221111011?
-1221110022
In base 10, what is -4936 - 303?
-5239
In base 5, what is -21 + 430234?
430213
In base 14, what is -19c + -cd2?
-1090
In base 11, what is 46a4 -